{"id":75,"date":"2025-09-14T13:00:40","date_gmt":"2025-09-14T11:00:40","guid":{"rendered":"https:\/\/taxi-fere-champenoise.fr\/?page_id=75"},"modified":"2026-02-08T18:30:26","modified_gmt":"2026-02-08T17:30:26","slug":"conditions-generales-dutilisation-et-des-services-proposes","status":"publish","type":"page","link":"https:\/\/taxi-fere-champenoise.fr\/index.php\/conditions-generales-dutilisation-et-des-services-proposes\/","title":{"rendered":"Conditions g\u00e9n\u00e9rales d\u2019utilisation et des services propos\u00e9s\u00a0"},"content":{"rendered":"\n<p class=\"has-small-font-size\" style=\"margin-right:var(--wp--preset--spacing--60);margin-left:var(--wp--preset--spacing--60);padding-top:0;padding-right:var(--wp--preset--spacing--60);padding-bottom:0;padding-left:var(--wp--preset--spacing--60)\">14\/09\/2025\u00a0<\/p>\n\n\n\n<p class=\"has-small-font-size\" style=\"margin-right:var(--wp--preset--spacing--60);margin-left:var(--wp--preset--spacing--60);padding-top:0;padding-right:var(--wp--preset--spacing--60);padding-bottom:0;padding-left:var(--wp--preset--spacing--60)\">Le site constitue une \u0153uvre de l\u2019esprit prot\u00e9g\u00e9e par les dispositions du Code de la Propri\u00e9t\u00e9&nbsp; Intellectuelle et des R\u00e9glementations Internationales applicables.&nbsp;<\/p>\n\n\n\n<p class=\"has-small-font-size\" style=\"margin-right:var(--wp--preset--spacing--60);margin-left:var(--wp--preset--spacing--60);padding-top:0;padding-right:var(--wp--preset--spacing--60);padding-bottom:0;padding-left:var(--wp--preset--spacing--60)\">Le visiteur\/acheteur ne peut en aucune mani\u00e8re r\u00e9utiliser, c\u00e9der ou exploiter pour son propre compte tout ou partie des \u00e9l\u00e9ments ou travaux du Site.&nbsp;<\/p>\n\n\n\n<p class=\"has-small-font-size\" style=\"margin-right:var(--wp--preset--spacing--60);margin-left:var(--wp--preset--spacing--60);padding-top:0;padding-right:var(--wp--preset--spacing--60);padding-bottom:0;padding-left:var(--wp--preset--spacing--60)\">L\u2019utilisation du site TAXI FERE-CHAMPENOISE implique l\u2019acceptation pleine et enti\u00e8re des conditions\u00a0 g\u00e9n\u00e9rales d\u2019utilisation ci-apr\u00e8s d\u00e9crites. Ces conditions d\u2019utilisation sont susceptibles d\u2019\u00eatre\u00a0 modifi\u00e9es ou compl\u00e9t\u00e9es \u00e0 tout moment, les utilisateurs du site nom du site sont donc invit\u00e9s \u00e0 les consulter de mani\u00e8re r\u00e9guli\u00e8re.\u00a0<\/p>\n\n\n\n<p class=\"has-small-font-size\" style=\"margin-right:var(--wp--preset--spacing--60);margin-left:var(--wp--preset--spacing--60);padding-top:0;padding-right:var(--wp--preset--spacing--60);padding-bottom:0;padding-left:var(--wp--preset--spacing--60)\">Ce site internet est normalement accessible \u00e0 tout moment aux utilisateurs. Une interruption\u00a0 pour raison de maintenance technique peut \u00eatre toutefois d\u00e9cid\u00e9e par TAXI FERE-CHAMPENOISE, qui\u00a0 s\u2019efforcera alors de communiquer pr\u00e9alablement aux utilisateurs les dates et heures de\u00a0 l\u2019intervention.\u00a0<\/p>\n\n\n\n<p class=\"has-small-font-size\" style=\"margin-right:var(--wp--preset--spacing--60);margin-left:var(--wp--preset--spacing--60);padding-top:0;padding-right:var(--wp--preset--spacing--60);padding-bottom:0;padding-left:var(--wp--preset--spacing--60)\">Le site TAXI FERE-CHAMPENOISE est mis \u00e0 jour r\u00e9guli\u00e8rement par le responsable. De la m\u00eame fa\u00e7on, les\u00a0 mentions l\u00e9gales peuvent \u00eatre modifi\u00e9es \u00e0 tout moment : elles s\u2019imposent n\u00e9anmoins \u00e0\u00a0 l\u2019utilisateur qui est invit\u00e9 \u00e0 s\u2019y r\u00e9f\u00e9rer le plus souvent possible afin d\u2019en prendre\u00a0 connaissance.\u00a0<\/p>\n\n\n\n<p class=\"has-small-font-size\" style=\"margin-right:var(--wp--preset--spacing--60);margin-left:var(--wp--preset--spacing--60);padding-top:0;padding-right:var(--wp--preset--spacing--60);padding-bottom:0;padding-left:var(--wp--preset--spacing--60)\"><strong>Description des services fournis&nbsp;<\/strong><\/p>\n\n\n\n<p class=\"has-small-font-size\" style=\"margin-right:var(--wp--preset--spacing--60);margin-left:var(--wp--preset--spacing--60);padding-top:0;padding-right:var(--wp--preset--spacing--60);padding-bottom:0;padding-left:var(--wp--preset--spacing--60)\">Le site internet TAXI FERE-CHAMPENOISE a pour objet de fournir une information concernant l\u2019ensemble des activit\u00e9s de la soci\u00e9t\u00e9. TAXI FERE-CHAMPENOISE s\u2019efforce de fournir sur le site des informations aussi\u00a0 pr\u00e9cises que possible. Toutefois, il ne pourra \u00eatre tenu responsable des oublis, des\u00a0 inexactitudes et des carences dans la mise \u00e0 jour, qu\u2019elles soient de son fait ou du fait des tiers partenaires qui lui fournissent ces informations.\u00a0<\/p>\n\n\n\n<p class=\"has-small-font-size\" style=\"margin-right:var(--wp--preset--spacing--60);margin-left:var(--wp--preset--spacing--60);padding-top:0;padding-right:var(--wp--preset--spacing--60);padding-bottom:0;padding-left:var(--wp--preset--spacing--60)\">Toutes les informations indiqu\u00e9es sur le site sont donn\u00e9es \u00e0 titre indicatif, et sont susceptibles\u00a0 d\u2019\u00e9voluer. Par ailleurs, les renseignements figurant sur le site TAXI FERE-CHAMPENOISE ne sont pas\u00a0 exhaustifs. Ils sont donn\u00e9s sous r\u00e9serve de modifications ayant \u00e9t\u00e9 apport\u00e9es depuis leur mise\u00a0 en ligne.\u00a0<\/p>\n\n\n\n<p class=\"has-small-font-size\" style=\"margin-right:var(--wp--preset--spacing--60);margin-left:var(--wp--preset--spacing--60);padding-top:0;padding-right:var(--wp--preset--spacing--60);padding-bottom:0;padding-left:var(--wp--preset--spacing--60)\"><strong>Nullit\u00e9 partielle&nbsp;<\/strong><\/p>\n\n\n\n<p class=\"has-small-font-size\" style=\"margin-right:var(--wp--preset--spacing--60);margin-left:var(--wp--preset--spacing--60);padding-top:0;padding-right:var(--wp--preset--spacing--60);padding-bottom:0;padding-left:var(--wp--preset--spacing--60)\">Si une ou plusieurs stipulations des pr\u00e9sentes CGU sont tenues pour non valides ou d\u00e9clar\u00e9es&nbsp; comme tel en application d\u2019une loi, d\u2019un r\u00e8glement ou d\u2019une d\u00e9cision d\u00e9finitive d\u2019une juridiction&nbsp; comp\u00e9tente, les autres stipulations garderont toute leur force et toute leur port\u00e9e.<\/p>\n\n\n\n<p class=\"has-small-font-size\" style=\"margin-right:var(--wp--preset--spacing--60);margin-left:var(--wp--preset--spacing--60);padding-top:0;padding-right:var(--wp--preset--spacing--60);padding-bottom:0;padding-left:var(--wp--preset--spacing--60)\"><strong>Limitations contractuelles&nbsp;<\/strong><\/p>\n\n\n\n<p class=\"has-small-font-size\" style=\"margin-right:var(--wp--preset--spacing--60);margin-left:var(--wp--preset--spacing--60);padding-top:0;padding-right:var(--wp--preset--spacing--60);padding-bottom:0;padding-left:var(--wp--preset--spacing--60)\">Le site est h\u00e9berg\u00e9 sur nos propres serveurs.\u00a0<\/p>\n\n\n\n<p class=\"has-small-font-size\" style=\"margin-right:var(--wp--preset--spacing--60);margin-left:var(--wp--preset--spacing--60);padding-top:0;padding-right:var(--wp--preset--spacing--60);padding-bottom:0;padding-left:var(--wp--preset--spacing--60)\">Le site Internet ne pourra \u00eatre tenu responsable de dommages mat\u00e9riels li\u00e9s \u00e0 l\u2019utilisation du\u00a0 site. De plus, l\u2019utilisateur du site s\u2019engage \u00e0 acc\u00e9der au site en utilisant un mat\u00e9riel r\u00e9cent, ne\u00a0 contenant pas de virus et avec un navigateur de derni\u00e8re g\u00e9n\u00e9ration mis-\u00e0-jour Le site TAXI FERE-CHAMPENOISE est h\u00e9berg\u00e9 dans nos locaux sur le territoire de l\u2019Union Europ\u00e9enne conform\u00e9ment aux dispositions du R\u00e8glement G\u00e9n\u00e9ral sur la Protection des Donn\u00e9es (RGPD : n\u00b0 2016-679)\u00a0<\/p>\n\n\n\n<p class=\"has-small-font-size\" style=\"margin-right:var(--wp--preset--spacing--60);margin-left:var(--wp--preset--spacing--60);padding-top:0;padding-right:var(--wp--preset--spacing--60);padding-bottom:0;padding-left:var(--wp--preset--spacing--60)\">L\u2019objectif est d\u2019apporter une prestation qui assure le meilleur taux d\u2019accessibilit\u00e9. L\u2019h\u00e9bergeur assure la continuit\u00e9 de son service 24 Heures sur 24, tous les jours de l\u2019ann\u00e9e. Il se r\u00e9serve&nbsp; n\u00e9anmoins la possibilit\u00e9 d\u2019interrompre le service d\u2019h\u00e9bergement pour les dur\u00e9es les plus&nbsp; courtes possibles notamment \u00e0 des fins de maintenance, d\u2019am\u00e9lioration de ses infrastructures,&nbsp; de d\u00e9faillance de ses infrastructures ou si les Prestations et Services g\u00e9n\u00e8rent un trafic r\u00e9put\u00e9&nbsp; anormal.&nbsp;<\/p>\n\n\n\n<p class=\"has-small-font-size\" style=\"margin-right:var(--wp--preset--spacing--60);margin-left:var(--wp--preset--spacing--60);padding-top:0;padding-right:var(--wp--preset--spacing--60);padding-bottom:0;padding-left:var(--wp--preset--spacing--60)\">Le site et l\u2019h\u00e9bergeur ne pourront \u00eatre tenus responsables en cas de dysfonctionnement du&nbsp; r\u00e9seau Internet, des lignes t\u00e9l\u00e9phoniques ou du mat\u00e9riel informatique et de t\u00e9l\u00e9phonie li\u00e9&nbsp; notamment \u00e0 l\u2019encombrement du r\u00e9seau emp\u00eachant l\u2019acc\u00e8s au serveur.&nbsp;<\/p>\n\n\n\n<p class=\"has-small-font-size\" style=\"margin-right:var(--wp--preset--spacing--60);margin-left:var(--wp--preset--spacing--60);padding-top:0;padding-right:var(--wp--preset--spacing--60);padding-bottom:0;padding-left:var(--wp--preset--spacing--60)\"><strong>Propri\u00e9t\u00e9 intellectuelle et contrefa\u00e7ons&nbsp;<\/strong><\/p>\n\n\n\n<p class=\"has-small-font-size\" style=\"margin-right:var(--wp--preset--spacing--60);margin-left:var(--wp--preset--spacing--60);padding-top:0;padding-right:var(--wp--preset--spacing--60);padding-bottom:0;padding-left:var(--wp--preset--spacing--60)\">Le site est propri\u00e9taire des droits de propri\u00e9t\u00e9 intellectuelle et d\u00e9tient les droits d\u2019usage sur&nbsp; tous les \u00e9l\u00e9ments accessibles sur le site internet et la prestation, notamment les textes, images, graphismes, logos, vid\u00e9os, ic\u00f4nes et sons.&nbsp;<\/p>\n\n\n\n<p class=\"has-small-font-size\" style=\"margin-right:var(--wp--preset--spacing--60);margin-left:var(--wp--preset--spacing--60);padding-top:0;padding-right:var(--wp--preset--spacing--60);padding-bottom:0;padding-left:var(--wp--preset--spacing--60)\">Toute reproduction, repr\u00e9sentation, modification, publication, adaptation de tout ou partie des\u00a0 \u00e9l\u00e9ments du site ou de la prestation, quel que soit le moyen ou le proc\u00e9d\u00e9 utilis\u00e9, est interdite,\u00a0 sauf autorisation \u00e9crite pr\u00e9alable de TAXI FERE-CHAMPENOISE<\/p>\n\n\n\n<p class=\"has-small-font-size\" style=\"margin-right:var(--wp--preset--spacing--60);margin-left:var(--wp--preset--spacing--60);padding-top:0;padding-right:var(--wp--preset--spacing--60);padding-bottom:0;padding-left:var(--wp--preset--spacing--60)\">Toute exploitation non autoris\u00e9e du site ou de l\u2019un quelconque des \u00e9l\u00e9ments qu\u2019il contient&nbsp; sera consid\u00e9r\u00e9e comme constitutive d\u2019une contrefa\u00e7on et poursuivie conform\u00e9ment aux&nbsp; dispositions des articles L.335-2 et suivants du Code de Propri\u00e9t\u00e9 Intellectuelle.&nbsp;<\/p>\n\n\n\n<p class=\"has-small-font-size\" style=\"margin-right:var(--wp--preset--spacing--60);margin-left:var(--wp--preset--spacing--60);padding-top:0;padding-right:var(--wp--preset--spacing--60);padding-bottom:0;padding-left:var(--wp--preset--spacing--60)\"><strong>Limitations de responsabilit\u00e9&nbsp;<\/strong><\/p>\n\n\n\n<p class=\"has-small-font-size\" style=\"margin-right:var(--wp--preset--spacing--60);margin-left:var(--wp--preset--spacing--60);padding-top:0;padding-right:var(--wp--preset--spacing--60);padding-bottom:0;padding-left:var(--wp--preset--spacing--60)\">TAXI FERE-CHAMPENOISE agit en tant qu\u2019\u00e9diteur du site et est responsable de la qualit\u00e9 et de la v\u00e9racit\u00e9\u00a0 du Contenu qu\u2019il publie en tant que prestataire.\u00a0<\/p>\n\n\n\n<p class=\"has-small-font-size\" style=\"margin-right:var(--wp--preset--spacing--60);margin-left:var(--wp--preset--spacing--60);padding-top:0;padding-right:var(--wp--preset--spacing--60);padding-bottom:0;padding-left:var(--wp--preset--spacing--60)\">Le site ne pourra \u00eatre tenu responsable des dommages directs et indirects caus\u00e9s \u00e0&nbsp; l\u2019utilisateur, lors de l\u2019acc\u00e8s au site internet ou de la prestation, et r\u00e9sultant soit de l\u2019utilisation&nbsp; d\u2019un mat\u00e9riel ne r\u00e9pondant pas aux sp\u00e9cifications indiqu\u00e9es, soit de l\u2019apparition d\u2019un bug ou&nbsp; d\u2019une incompatibilit\u00e9, soit de la mise en pratique non encadr\u00e9e du site ou de la prestation.<\/p>\n\n\n\n<p class=\"has-small-font-size\" style=\"margin-right:var(--wp--preset--spacing--60);margin-left:var(--wp--preset--spacing--60);padding-top:0;padding-right:var(--wp--preset--spacing--60);padding-bottom:0;padding-left:var(--wp--preset--spacing--60)\">TAXI FERE-CHAMPENOISE ne pourra \u00e9galement \u00eatre tenu responsable des dommages indirects (tels par\u00a0 exemple qu\u2019une perte de march\u00e9 ou perte d\u2019une chance) cons\u00e9cutifs \u00e0 l\u2019utilisation du site ou\u00a0 de la prestation.\u00a0<\/p>\n\n\n\n<p class=\"has-small-font-size\" style=\"margin-right:var(--wp--preset--spacing--60);margin-left:var(--wp--preset--spacing--60);padding-top:0;padding-right:var(--wp--preset--spacing--60);padding-bottom:0;padding-left:var(--wp--preset--spacing--60)\">Les directs ne feront pas l&rsquo;objet d&rsquo;un enregistrement, afin d&rsquo;assurer l&rsquo;assiduit\u00e9 et l&rsquo;exclusivit\u00e9\u00a0 des participants. Des espaces interactifs (possibilit\u00e9 de poser des questions) sont \u00e0 la\u00a0 disposition des utilisateurs. TAXI FERE-CHAMPENOISE se r\u00e9serve le droit de supprimer, sans mise en\u00a0 demeure pr\u00e9alable, tout contenu d\u00e9pos\u00e9 dans cet espace qui contreviendrait \u00e0 la l\u00e9gislation\u00a0 applicable en France, en particulier aux dispositions relatives \u00e0 la protection des donn\u00e9es.\u00a0\u00a0<\/p>\n\n\n\n<p class=\"has-small-font-size\" style=\"margin-right:var(--wp--preset--spacing--60);margin-left:var(--wp--preset--spacing--60);padding-top:0;padding-right:var(--wp--preset--spacing--60);padding-bottom:0;padding-left:var(--wp--preset--spacing--60)\">Le cas \u00e9ch\u00e9ant, TAXI FERE-CHAMPENOISE se r\u00e9serve \u00e9galement la possibilit\u00e9 de mettre en cause la\u00a0 responsabilit\u00e9 civile et\/ou p\u00e9nale de l\u2019utilisateur, notamment en cas de message \u00e0 caract\u00e8re\u00a0 raciste, injurieux, diffamant, ou pornographique, quel que soit le support utilis\u00e9 (texte,\u00a0 photographie \u2026).\u00a0<\/p>\n\n\n\n<p class=\"has-small-font-size\" style=\"margin-right:var(--wp--preset--spacing--60);margin-left:var(--wp--preset--spacing--60);padding-top:0;padding-right:var(--wp--preset--spacing--60);padding-bottom:0;padding-left:var(--wp--preset--spacing--60)\"><strong>Attribution de comp\u00e9tence et r\u00e8glement des litiges&nbsp;<\/strong><\/p>\n\n\n\n<p class=\"has-small-font-size\" style=\"margin-right:var(--wp--preset--spacing--60);margin-left:var(--wp--preset--spacing--60);padding-top:0;padding-right:var(--wp--preset--spacing--60);padding-bottom:0;padding-left:var(--wp--preset--spacing--60)\">Les pr\u00e9sentes CGU et CGV sont soumises \u00e0 l\u2019application du droit fran\u00e7ais. Dans le cas o\u00f9 les pr\u00e9sentes CGV sont traduites dans une langue \u00e9trang\u00e8re, seul le texte\u00a0 fran\u00e7ais fait foi en cas de litige sur l\u2019acception d\u2019un terme ou d\u2019une disposition des\u00a0 pr\u00e9sentes. Les litiges susceptibles de na\u00eetre entre TAXI FERE-CHAMPENOISE et le Client feront l\u2019objet\u00a0 d\u2019une tentative de r\u00e9solution amiable, avant toute action judiciaire.\u00a0<\/p>\n\n\n\n<p class=\"has-small-font-size\" style=\"margin-right:var(--wp--preset--spacing--60);margin-left:var(--wp--preset--spacing--60);padding-top:0;padding-right:var(--wp--preset--spacing--60);padding-bottom:0;padding-left:var(--wp--preset--spacing--60)\">En cas de diff\u00e9rend entre le Client et TAXI FERE-CHAMPENOISE relatif aux CGV, le Client est inform\u00e9\u00a0 que, conform\u00e9ment aux dispositions du Code de la consommation, TAXI FERE-CHAMPENOISE a\u00a0 d\u00e9sign\u00e9 un m\u00e9diateur qu\u2019il pourra contacter \u00e0 l\u2019adresse.\u00a0<\/p>\n\n\n\n<p class=\"has-small-font-size\" style=\"margin-right:var(--wp--preset--spacing--60);margin-left:var(--wp--preset--spacing--60);padding-top:0;padding-right:var(--wp--preset--spacing--60);padding-bottom:0;padding-left:var(--wp--preset--spacing--60)\">A d\u00e9faut d\u2019accord amiable, le consommateur a la possibilit\u00e9 de saisir gratuitement le&nbsp; m\u00e9diateur de la consommation dont rel\u00e8ve le professionnel, \u00e0 savoir AME CONSO, dans un d\u00e9lai d\u2019un an \u00e0 compter de la r\u00e9clamation \u00e9crite adress\u00e9e au professionnel. La saisine du&nbsp; m\u00e9diateur de la consommation devra s\u2019effectuer soit en compl\u00e9tant le formulaire pr\u00e9vu \u00e0 cet effet sur le site internet de l\u2019AME CONSO : www.mediationconso-ame.com ; soit par &nbsp;courrier adress\u00e9 \u00e0 l\u2019AME CONSO, 11 Place Dauphine \u2013 75001 PARIS. &nbsp;<\/p>\n\n\n\n<p class=\"has-small-font-size\" style=\"margin-right:var(--wp--preset--spacing--60);margin-left:var(--wp--preset--spacing--60);padding-top:0;padding-right:var(--wp--preset--spacing--60);padding-bottom:0;padding-left:var(--wp--preset--spacing--60)\">A l\u2019issue de la m\u00e9diation, le m\u00e9diateur proposera une solution. Les parties restent libres\u00a0 d\u2019accepter ou de refuser le recours \u00e0 la m\u00e9diation ainsi que, en cas de recours \u00e0 la m\u00e9diation, d\u2019accepter ou de refuser la solution propos\u00e9e par le m\u00e9diateur. A d\u00e9faut d\u2019accord amiable,\u00a0 tout litige sera port\u00e9 devant les juridictions relevant du si\u00e8ge social de TAXI FERE-CHAMPENOISE, y\u00a0 compris en cas de pluralit\u00e9 de d\u00e9fendeurs, ceci \u00e9tant express\u00e9ment accept\u00e9 par le Client.\u00a0<\/p>\n\n\n\n<p class=\"has-small-font-size\" style=\"margin-right:var(--wp--preset--spacing--60);margin-left:var(--wp--preset--spacing--60);padding-top:0;padding-right:var(--wp--preset--spacing--60);padding-bottom:0;padding-left:var(--wp--preset--spacing--60)\"><strong>Force majeure&nbsp;<\/strong><\/p>\n\n\n\n<p class=\"has-small-font-size\" style=\"margin-right:var(--wp--preset--spacing--60);margin-left:var(--wp--preset--spacing--60);padding-top:0;padding-right:var(--wp--preset--spacing--60);padding-bottom:0;padding-left:var(--wp--preset--spacing--60)\">Alexandre CORTEZ ne pourra \u00eatre tenue responsable de la non-ex\u00e9cution ou du retard dans\u00a0 l\u2019ex\u00e9cution de l\u2019une de ses obligations d\u00e9coulant d\u2019un cas de force majeure, au sens de l\u2019article\u00a0 1218 du Code civil. Seront consid\u00e9r\u00e9s comme cas de force majeure tous faits ou circonstances\u00a0 irr\u00e9sistibles ext\u00e9rieurs \u00e0 Alexandre CORTEZ, impr\u00e9visibles, in\u00e9vitables, ind\u00e9pendants de la\u00a0 volont\u00e9 de Alexandre CORTEZ, et qui ne pourront \u00eatre emp\u00each\u00e9s par cette derni\u00e8re, malgr\u00e9\u00a0 tous les efforts raisonnablement possibles.\u00a0<\/p>\n\n\n\n<p class=\"has-small-font-size\" style=\"margin-right:var(--wp--preset--spacing--60);margin-left:var(--wp--preset--spacing--60);padding-top:0;padding-right:var(--wp--preset--spacing--60);padding-bottom:0;padding-left:var(--wp--preset--spacing--60)\">Outre les cas retenus par la l\u00e9gislation en vigueur et la jurisprudence fran\u00e7aise, sont consid\u00e9r\u00e9s cas&nbsp; de force majeure, et ce sans exhaustivit\u00e9, les \u00e9v\u00e9nements suivants :&nbsp;<\/p>\n\n\n\n<p class=\"has-small-font-size\" style=\"margin-right:var(--wp--preset--spacing--60);margin-left:var(--wp--preset--spacing--60);padding-top:0;padding-right:var(--wp--preset--spacing--60);padding-bottom:0;padding-left:var(--wp--preset--spacing--60)\">\u2022Les blocages des r\u00e9seaux et syst\u00e8mes de communication&nbsp;<\/p>\n\n\n\n<p class=\"has-small-font-size\" style=\"margin-right:var(--wp--preset--spacing--60);margin-left:var(--wp--preset--spacing--60);padding-top:0;padding-right:var(--wp--preset--spacing--60);padding-bottom:0;padding-left:var(--wp--preset--spacing--60)\">\u2022Les gr\u00e8ves totales ou partielles, lock-out, boycottage ou \u00e9v\u00e9nement similaire \u2022Les attaques de pirates informatiques.&nbsp;<\/p>\n\n\n\n<p class=\"has-small-font-size\" style=\"margin-right:var(--wp--preset--spacing--60);margin-left:var(--wp--preset--spacing--60);padding-top:0;padding-right:var(--wp--preset--spacing--60);padding-bottom:0;padding-left:var(--wp--preset--spacing--60)\"><strong>Donn\u00e9es personnelles&nbsp;<\/strong><\/p>\n\n\n\n<p class=\"has-small-font-size\" style=\"margin-right:var(--wp--preset--spacing--60);margin-left:var(--wp--preset--spacing--60);padding-top:0;padding-right:var(--wp--preset--spacing--60);padding-bottom:0;padding-left:var(--wp--preset--spacing--60)\">L&rsquo;utilisateur est inform\u00e9 que l\u2019ensemble des donn\u00e9es collect\u00e9es dans le cadre du fonctionnement du&nbsp; Site, sont trait\u00e9es par NOM DE L&rsquo;ENTREPRISE. Il est invit\u00e9 \u00e0 se reporter \u00e0 l\u2019onglet \u00ab Politique de&nbsp; confidentialit\u00e9 \u00bb du Site pour obtenir toutes les informations relatives \u00e0 ce point.<\/p>\n","protected":false},"excerpt":{"rendered":"<p>14\/09\/2025\u00a0 Le site constitue une \u0153uvre de l\u2019esprit prot\u00e9g\u00e9e par les dispositions du Code de la Propri\u00e9t\u00e9&nbsp; Intellectuelle et des R\u00e9glementations Internationales applicables.&nbsp; Le visiteur\/acheteur ne peut en aucune mani\u00e8re r\u00e9utiliser, c\u00e9der ou exploiter pour son propre compte tout ou partie des \u00e9l\u00e9ments ou travaux du Site.&nbsp; L\u2019utilisation du site TAXI FERE-CHAMPENOISE implique l\u2019acceptation pleine [&hellip;]<\/p>\n","protected":false},"author":1,"featured_media":0,"parent":0,"menu_order":0,"comment_status":"closed","ping_status":"closed","template":"page-mentions-legales","meta":{"footnotes":""},"class_list":["post-75","page","type-page","status-publish","hentry"],"_links":{"self":[{"href":"https:\/\/taxi-fere-champenoise.fr\/index.php\/wp-json\/wp\/v2\/pages\/75","targetHints":{"allow":["GET"]}}],"collection":[{"href":"https:\/\/taxi-fere-champenoise.fr\/index.php\/wp-json\/wp\/v2\/pages"}],"about":[{"href":"https:\/\/taxi-fere-champenoise.fr\/index.php\/wp-json\/wp\/v2\/types\/page"}],"author":[{"embeddable":true,"href":"https:\/\/taxi-fere-champenoise.fr\/index.php\/wp-json\/wp\/v2\/users\/1"}],"replies":[{"embeddable":true,"href":"https:\/\/taxi-fere-champenoise.fr\/index.php\/wp-json\/wp\/v2\/comments?post=75"}],"version-history":[{"count":1,"href":"https:\/\/taxi-fere-champenoise.fr\/index.php\/wp-json\/wp\/v2\/pages\/75\/revisions"}],"predecessor-version":[{"id":76,"href":"https:\/\/taxi-fere-champenoise.fr\/index.php\/wp-json\/wp\/v2\/pages\/75\/revisions\/76"}],"wp:attachment":[{"href":"https:\/\/taxi-fere-champenoise.fr\/index.php\/wp-json\/wp\/v2\/media?parent=75"}],"curies":[{"name":"wp","href":"https:\/\/api.w.org\/{rel}","templated":true}]}}